30. Let f(z) = 2*z - 2. Give f(i).
-14
Let o(p) = -3*p + 12. Let w(l) = 2*l - 8. Let m(h) = -3*o(h) - 5*w(h). Let g be ((-1)/(-1))/(0 + 1). Let f be 0 + g + 2 - 0. Determine m(f).
1
Let l(f) be the second derivative of f**5/20 + 5*f**4/12 + f**2/2 + f + 284. Give l(-4).
17
Let a = 280 - 283. Let w(s) = -s**3 - 3*s**2 - 3*s - 1. Give w(a).
8
Let i(f) = f - 5. Suppose 3*m + h + 32 = 4*m, 0 = m + 4*h - 47. Let n = m + -30. Give i(n).
0
Let r(k) be the second derivative of 1/60*k**5 + 0 + k**2 + 1/8*k**4 - 1/2*k**3 + 3*k. Let t(l) be the first derivative of r(l). Determine t(-6).
15
Let x(u) be the third derivative of 0*u + 1/2*u**3 + 11*u**2 + 0 - 1/24*u**4. What is x(-3)?
6
Let k(p) = 10*p**2 - 2*p + 2. Let f be k(0). Let m(a) = -2*a**3 - 4*a**2 + 4*a - 1. Let y(w) = w**3 - w + 1. Let u(o) = m(o) + 3*y(o). Determine u(f).
-4
Let k = 7 + -3. Let q(u) = 5*u - 2*u**2 - 1 - k + 8*u**2 + u**3. Let o(w) = -w**2 - 2*w - 2. Let c be o(-3). What is q(c)?
-5
Let g(m) = 7*m - 24. Let x(j) = j + 5. Let p(w) = -g(w) - 4*x(w). What is p(-2)?
26
Let s be 28/21*42/4. Let w be (0 + 0)/(13 - s). Suppose w*k = -4*k. Let a(d) = d**2 - d - 5. What is a(k)?
-5
Let t(h) = -6*h - 2. Let y = -732 - -729. Calculate t(y).
16
Let h(c) be the first derivative of -4*c**3/3 + 2*c**2 - 2*c - 3. Let f = -1 - 0. Let y(v) = v**2. Let w(x) = f*y(x) - h(x). Calculate w(2).
6
Let c(d) = -3*d + 32. Let j be c(10). Let z(r) = 1 - 4*r**j - r**2 + 14*r - 13*r. Calculate z(-1).
-5
Let z be (-6 - -5)/((-1)/5). Let q(g) = 4*g**3 + 14*g**2 - 3*g + 4. Let a(x) = x**3 + 2*x**2 - x + 1. Let m(k) = -5*a(k) + q(k). Determine m(z).
-16
Let n(g) be the third derivative of -g**4/12 + g**2. Suppose 10*b - 20 = 6*b. Suppose -b*c + 0*c + 5 = 0. Give n(c).
-2
Let p(q) = 2*q + 370 + q**2 + 377 + 5*q - 740. What is p(-4)?
-5
Suppose 0 = 10*g + 51 + 9. Let l be -5 - -3 - 1*-4. Let a(c) = 10*c**3 - 9*c**3 - 4*c + 5 + 5*c**l - c. Determine a(g).
-1
Let g(m) = 11*m**2 - 4*m + 3. Let x be g(3). Suppose 35 = -k + 3*f, 3*k + 4*f = -x - 15. Let i = -33 - k. Let q(t) = 4*t - 3. Determine q(i).
5
Suppose -14 = -7*g + 5*g. Let i(s) be the first derivative of 2*s**2 - 6*s**2 + s**3 - g + s + s**2 + 2*s**2. Give i(1).
2
Suppose 13*j - 39 = -0*j. Let i(x) = -2*x**2 + x + 2. Calculate i(j).
-13
Let l(j) = 2*j + 8. Let b be l(-7). Let g(t) = t - 11. Let n(x) = -x + 11. Let i(z) = b*g(z) - 7*n(z). Determine i(0).
-11
Let y(t) = t**3 + t - 1. Suppose -4 = h - 5. Let a(u) = 6*u**3 - u + 1. Let m(i) = h*a(i) + 2*y(i). Suppose -4*b + 5 = b. Give m(b).
8
Let u(w) be the first derivative of w**5/60 + 3*w**4/8 + 8*w**3 - 18. Let b(x) be the third derivative of u(x). Calculate b(-8).
-7
Suppose 0 = -5*p - 4 - 6. Let y(j) = j**3 - 4*j**2 + 7*j - 6. Let g(k) = -3*k**3 + 11*k**2 - 20*k + 17. Let w(a) = -6*g(a) - 17*y(a). What is w(p)?
-2
Suppose x = -0*x. Let u(a) = -15 - 4 + 11 - 1 + 2*a - a. Give u(x).
-9
Let t(c) = 2*c - 3. Suppose -5*p + 4 = -n + 3*n, 3*n + 2*p - 6 = 0. Let f be (n - (-18)/(-5))/((-4)/10). Give t(f).
5
Let w(b) = b**3 + 11*b**2 + b. Suppose -4*x - 6 = j, -4*j - 3*x + x = -46. Suppose g + 26 = -2*c, -4*g + 3 + j = -3*c. Calculate w(c).
-11
Let l be -3*3/(-9) + 1. Let j(y) = y**3 - y**2 - 1. Let i be j(l). Let d(u) = -2*u**2 - i*u**2 - u + 4*u**2. Calculate d(2).
-6
Let k(i) = -6*i**2 - i - 1. Let j(d) = -26*d + 495. Let z be j(19). Give k(z).
-8
Let c be (4 + -1)/(3/123). Let b(l) = l + 2*l**3 + 124*l**2 + 1 - 3*l**3 - c*l**2. What is b(2)?
-1
Let l(v) = 5*v**3 + 49*v**2 - 31*v + 57. Let h(w) = -w**3 - 12*w**2 + 7*w - 14. Let f(a) = -9*h(a) - 2*l(a). Determine f(10).
2
Let y(j) = -2*j + 2*j**2 - 6*j + 12*j - j. Let r(z) = z**3 + 5*z**2 - 7*z - 8. Let t be r(-6). Give y(t).
2
Suppose -2 - 18 = -5*p. Let h(s) = 22*s**2 + 4*s - 4*s - 2*s - 26*s**2 + p + s**3. What is h(3)?
-11
Let u be 1 - 10/(-5) - 1. Suppose -v = -h, -5*h + 9 = -u*v - 0*v. Suppose -v = -l + 2. Let f(c) = -c**2 + 5*c + 5. What is f(l)?
5
Let x(q) = q + 1483 - 757 - 747 - 2*q. Give x(-16).
-5
Let b(z) be the first derivative of z**3/2 + z**2/2 + 2*z + 1. Let j(k) be the first derivative of b(k). Suppose 3*t = -t + 4. Give j(t).
4
Let o(u) = u**3 + 14*u**2 + 16*u + 5. Let f = -602 - -589. Calculate o(f).
-34
Let a(m) = m - 17*m**2 + 1 + 3*m**2 - 2. Let d be ((2/8)/1)/(15/60). Give a(d).
-14
Let w = 23 - 21. Let m be 1*w - (12 + -8). Let i(b) = -b**3 - b**2 + 2*b + 1. Determine i(m).
1
Let f be 10/15*(8 + -2). Let s(g) = -4*g - 3 - 2 + 2*g + g**2. Give s(f).
3
Let a(q) be the first derivative of q**5/120 + 5*q**4/24 + 19*q**3/3 - 18. Let t(r) be the third derivative of a(r). What is t(-4)?
1
Let w(j) be the second derivative of -1/3*j**3 + 0 + 1/2*j**2 + 2*j. Let y be (-2 - (-28)/10)/(-2*(-7)/(-35)). Give w(y).
5
Let q(k) = -4*k**3 - 8*k**2 - 5*k + 10. Let w(l) = 3*l**3 + 5*l**2 + 4*l - 9. Let r(p) = -4*q(p) - 5*w(p). Calculate r(-7).
5
Let u(n) = -n**2 - 5*n - 3. Let i be u(-3). Suppose q + 23 = -i*p + 2*q, -q - 33 = 5*p. Let f = p + 10. Let y(g) = -g**3 + 3*g**2 - g + 4. Calculate y(f).
1
Let a(h) = 5*h - 3*h**2 + 2*h**2 - 15 - 13 + 0*h**2 + 25. Determine a(4).
1
Let n = 20 - 8. Let s(r) = 3*r**2 + 17*r - 5. Let o(a) = -a**2 - a - 2. Let j(y) = -4*o(y) - s(y). Determine j(n).
1
Let h(i) = 5*i - 81. Suppose -3*a = -944 + 890. Calculate h(a).
9
Let l(p) be the third derivative of -7*p**5/60 + p**4/12 + p**3/6 - 756*p**2. What is l(2)?
-23
Let p(q) = 4*q - 8. Let k(b) = b + 6. Let m(j) = -j - 5. Let g(o) = 7*k(o) + 6*m(o). Let x be g(-6). Determine p(x).
16
Let j(b) = 3 - 8*b - 3 - 1. Suppose -5*g + 24 = -1. Let i = 4 - g. Give j(i).
7
Let u be (-40)/6 - 4/(-6). Let a(j) = 6 + 2*j**3 - 3*j - 3*j**3 - 4*j - 7*j**2. Determine a(u).
12
Let f = 67 - 45. Let z(m) = m + 11 - f + 14. Let c(o) = o. Let t be c(-4). What is z(t)?
-1
Let w(h) be the first derivative of -2*h**3/3 + h**2 - 2*h + 395. Calculate w(0).
-2
Let k(z) = z**2 + 8*z - 1. Let m = -189 + 185. What is k(m)?
-17
Let z(r) = 2*r**2 - 4*r - 15. Let j(h) = -h**2 + 3*h + 14. Suppose 3 = 5*b - 17, 31 = 5*a + 4*b. Let t(o) = a*j(o) + 2*z(o). What is t(0)?
12
Let x(b) be the third derivative of -b**6/120 + 7*b**5/60 - b**4/4 - 5*b**3/6 - 2*b**2. What is x(6)?
-5
Let z(u) = u**2 - 21*u + 20. Let d(j) = -j + 15. Let n be d(-5). Determine z(n).
0
Let l(d) = 7*d - 17*d + 8*d + 28. Give l(12).
4
Let n(j) = -34*j**3 + 18*j**3 + 2*j + 12*j**3 - j**2. Let c(r) = -8*r**3 - r**2 + 3*r. Let w(u) = 3*c(u) - 5*n(u). What is w(1)?
-3
Let q(i) = 20*i**2 - 3 + 2 - 1 - 10*i - 19*i**2 + 4. What is q(10)?
2
Let l be ((-9)/((-45)/10))/1. Let p(v) = -3*v**3 + 2*v**2 + 4. Determine p(l).
-12
Let u(z) = 2*z - 9. Suppose 0 = 5*r - 156 + 201. What is u(r)?
-27
Let c(y) = y**3 + 2*y**2 - 3*y - 4. Let m be (2 - 0)/(4/(-6)). Calculate c(m).
-4
Let p(u) = u**2 + 4*u + 3. Let q(j) = j**2 + 3*j + 4. Let x(g) = -2*g**2 - 10*g + 3. Let f be x(-5). Let l(y) = f*p(y) - 2*q(y). Give l(-4).
-7
Let n = -7 - -17. Suppose -6*w - n = -40. Suppose 5*u + 9 = 3*u - w*m, 12 = -4*m. Let j(a) = -2*a**2 + 3. Give j(u).
-15
Let u(y) = 7*y**3 + 23*y**2 - 15*y + 12. Let c(v) = -10*v**3 - 34*v**2 + 23*v - 18. Let s(a) = 5*c(a) + 7*u(a). Suppose 17*f + 301 + 59 = -19*f. Determine s(f).
-6
Let y(f) = -9*f - f + 12*f - 1. Let n = -21 + 30. Let w = n - 15. Give y(w).
-13
Let l(t) be the second derivative of -t**6/120 + 2*t**5/15 + t**3/6 + 7*t**2 - 7*t. Let q(g) be the first derivative of l(g). Give q(8).
1
Let h(a) be the second derivative of a**6/60 - a**5/15 + a**3/2 - 9*a**2/2 + 23*a. Let r(c) be the first derivative of h(c). Calculate r(3).
21
Suppose 0 = m + 2*m + 2*l + 16, 3*m - 2*l - 4 = 0. Let k(j) = -j - 1. Let n(x) = -x. Let p(i) = m*n(i) + k(i). What is p(-9)?
-10
Let y = 641 - 648. Let r(z) = -6*z - 10. Calculate r(y).
32
Let h(y) be the third derivative of y**5/10 + 5*y**2. Let m = -421 + 420. Calculate h(m).
6
Let t(u) be the second derivative of u**4/12 - 4*u**2 + u + 38. Give t(0).
-8
Suppose r = -u + 7, -5*r + 25 = 2*u + u. Let g(v) = -67*v**r + 33*v**2 - 2 + 33*v**2 + 4*v. Determine g(6).
-14
Let i(c) = 2*c**3 + 2*c**2 - 4*c + 3. Let z be i(1). Suppose 8 = 3*k - m - m, 12 = 4*k - z*m. Let a(v) = -2*v - 2*v + 5*v. Determine a(k).
0
Suppose 4*p = 6*p + 2*r + 12, 0 = 3*p - r - 2. Let n(c) = -c**3 + 1. What is n(p)?
2
Suppose 4*z = 4 - 